{"id":344,"date":"2018-10-10T19:31:13","date_gmt":"2018-10-10T19:31:13","guid":{"rendered":"http:\/\/sprachschatz.at\/?page_id=344"},"modified":"2018-10-10T19:37:08","modified_gmt":"2018-10-10T19:37:08","slug":"lingusta","status":"publish","type":"page","link":"https:\/\/sprachschatz.at\/?page_id=344","title":{"rendered":"Lingusta"},"content":{"rendered":"<p class=\"p1\">LINGUSTA<\/p>\n<p class=\"p1\">In Kooperation mit dem Verein Zebra und der Gemeinde Hart b. Graz fand im April 2018 unsere erste Sprachwerkstatt f\u00fcr Frauen (\u201eLingusta\u201c) statt. Im Mittelpunkt des dreist\u00fcndigen Workshops stand die Alltagskommunikation und die Besprechung von Problemlagen mit den Lehrpersonen der eigenen Kinder. Dazu wurden interaktionsbasierte Methoden eingesetzt, um vorhandenes Wissen aufzuzeigen und auf relevante (reale) Situationen und Unklarheiten n\u00e4her einzugehen.<\/p>\n<p class=\"p1\">In unseren Sprachwerkst\u00e4tten wird Kommunikation auf Augenh\u00f6he gro\u00dfgeschrieben. Menschen sollen u.a. dazu ermutigt werden, sich kommunikativ zu erproben, selbst wenn die Ausdrucksweise nicht immer dem Kriterium grammatikalischer Korrektheit entspricht. Um diesem Anspruch gerecht zu werden, gilt das Vertrauen und die Offenheit der Teilnehmer*innen als erster, unverzichtbarer Schritt.<span class=\"Apple-converted-space\">\u00a0 <\/span>Bei diesem Workshop haben die Teilnehmerinnen diesen \u201eVertrauenssprung\u201c gewagt und uns Einblicke in ihre Biografien und Lebenswelten gew\u00e4hrt. Es ergaben sich viele Themen, Fragen und sprachliche Aushandlungsprozesse. Fazit: Wir freuen uns auf eine Fortsetzung!<\/p>\n<p class=\"p1\"><img loading=\"lazy\" decoding=\"async\" class=\"alignleft wp-image-206 size-large\" src=\"https:\/\/sprachschatz.at\/wp-content\/uploads\/2018\/04\/20180413_104252-1024x766.jpg\" alt=\"\" width=\"525\" height=\"393\" \/><img loading=\"lazy\" decoding=\"async\" class=\"alignleft wp-image-207 size-large\" src=\"https:\/\/sprachschatz.at\/wp-content\/uploads\/2018\/04\/20180413_104451-1024x768.jpg\" alt=\"\" width=\"525\" height=\"394\" srcset=\"https:\/\/sprachschatz.at\/wp-content\/uploads\/2018\/04\/20180413_104451-1024x768.jpg 1024w, https:\/\/sprachschatz.at\/wp-content\/uploads\/2018\/04\/20180413_104451-300x225.jpg 300w, https:\/\/sprachschatz.at\/wp-content\/uploads\/2018\/04\/20180413_104451-768x576.jpg 768w\" sizes=\"auto, (max-width: 525px) 100vw, 525px\" \/><\/p>\n","protected":false},"excerpt":{"rendered":"<p>LINGUSTA In Kooperation mit dem Verein Zebra und der Gemeinde Hart b. Graz fand im April 2018 unsere erste Sprachwerkstatt f\u00fcr Frauen (\u201eLingusta\u201c) statt. Im Mittelpunkt des dreist\u00fcndigen Workshops stand die Alltagskommunikation und die Besprechung von Problemlagen mit den Lehrpersonen der eigenen Kinder. Dazu wurden interaktionsbasierte Methoden eingesetzt, um vorhandenes Wissen aufzuzeigen und auf relevante &hellip; <\/p>\n<p class=\"link-more\"><a href=\"https:\/\/sprachschatz.at\/?page_id=344\" class=\"more-link\"><span class=\"screen-reader-text\">\u201eLingusta\u201c<\/span> weiterlesen<\/a><\/p>\n","protected":false},"author":6,"featured_media":0,"parent":24,"menu_order":0,"comment_status":"closed","ping_status":"closed","template":"","meta":{"footnotes":""},"class_list":["post-344","page","type-page","status-publish","hentry"],"_links":{"self":[{"href":"https:\/\/sprachschatz.at\/index.php?rest_route=\/wp\/v2\/pages\/344","targetHints":{"allow":["GET"]}}],"collection":[{"href":"https:\/\/sprachschatz.at\/index.php?rest_route=\/wp\/v2\/pages"}],"about":[{"href":"https:\/\/sprachschatz.at\/index.php?rest_route=\/wp\/v2\/types\/page"}],"author":[{"embeddable":true,"href":"https:\/\/sprachschatz.at\/index.php?rest_route=\/wp\/v2\/users\/6"}],"replies":[{"embeddable":true,"href":"https:\/\/sprachschatz.at\/index.php?rest_route=%2Fwp%2Fv2%2Fcomments&post=344"}],"version-history":[{"count":2,"href":"https:\/\/sprachschatz.at\/index.php?rest_route=\/wp\/v2\/pages\/344\/revisions"}],"predecessor-version":[{"id":350,"href":"https:\/\/sprachschatz.at\/index.php?rest_route=\/wp\/v2\/pages\/344\/revisions\/350"}],"up":[{"embeddable":true,"href":"https:\/\/sprachschatz.at\/index.php?rest_route=\/wp\/v2\/pages\/24"}],"wp:attachment":[{"href":"https:\/\/sprachschatz.at\/index.php?rest_route=%2Fwp%2Fv2%2Fmedia&parent=344"}],"curies":[{"name":"wp","href":"https:\/\/api.w.org\/{rel}","templated":true}]}}

<p class="p1">LINGUSTA</p>
<p class="p1">In Kooperation mit dem Verein Zebra und der Gemeinde Hart b. Graz fand im April 2018 unsere erste Sprachwerkstatt für Frauen („Lingusta“) statt. Im Mittelpunkt des dreistündigen Workshops stand die Alltagskommunikation und die Besprechung von Problemlagen mit den Lehrpersonen der eigenen Kinder. Dazu wurden interaktionsbasierte Methoden eingesetzt, um vorhandenes Wissen aufzuzeigen und auf relevante (reale) Situationen und Unklarheiten näher einzugehen.</p>
<p class="p1">In unseren Sprachwerkstätten wird Kommunikation auf Augenhöhe großgeschrieben. Menschen sollen u.a. dazu ermutigt werden, sich kommunikativ zu erproben, selbst wenn die Ausdrucksweise nicht immer dem Kriterium grammatikalischer Korrektheit entspricht. Um diesem Anspruch gerecht zu werden, gilt das Vertrauen und die Offenheit der Teilnehmer*innen als erster, unverzichtbarer Schritt.<span class="Apple-converted-space">  </span>Bei diesem Workshop haben die Teilnehmerinnen diesen „Vertrauenssprung“ gewagt und uns Einblicke in ihre Biografien und Lebenswelten gewährt. Es ergaben sich viele Themen, Fragen und sprachliche Aushandlungsprozesse. Fazit: Wir freuen uns auf eine Fortsetzung!</p>
<p class="p1"><img loading="lazy" decoding="async" class="alignleft wp-image-206 size-large" src="https://sprachschatz.at/wp-content/uploads/2018/04/20180413_104252-1024x766.jpg" alt="" width="525" height="393" /><img loading="lazy" decoding="async" class="alignleft wp-image-207 size-large" src="https://sprachschatz.at/wp-content/uploads/2018/04/20180413_104451-1024x768.jpg" alt="" width="525" height="394" srcset="https://sprachschatz.at/wp-content/uploads/2018/04/20180413_104451-1024x768.jpg 1024w, https://sprachschatz.at/wp-content/uploads/2018/04/20180413_104451-300x225.jpg 300w, https://sprachschatz.at/wp-content/uploads/2018/04/20180413_104451-768x576.jpg 768w" sizes="auto, (max-width: 525px) 100vw, 525px" /></p>

<p>LINGUSTA In Kooperation mit dem Verein Zebra und der Gemeinde Hart b. Graz fand im April 2018 unsere erste Sprachwerkstatt für Frauen („Lingusta“) statt. Im Mittelpunkt des dreistündigen Workshops stand die Alltagskommunikation und die Besprechung von Problemlagen mit den Lehrpersonen der eigenen Kinder. Dazu wurden interaktionsbasierte Methoden eingesetzt, um vorhandenes Wissen aufzuzeigen und auf relevante &hellip; </p>
<p class="link-more"><a href="https://sprachschatz.at/?page_id=344" class="more-link"><span class="screen-reader-text">„Lingusta“</span> weiterlesen</a></p>
