{"id":320,"date":"2018-10-10T19:10:31","date_gmt":"2018-10-10T19:10:31","guid":{"rendered":"http:\/\/sprachschatz.at\/?page_id=320"},"modified":"2019-09-23T12:31:53","modified_gmt":"2019-09-23T12:31:53","slug":"leitbild","status":"publish","type":"page","link":"https:\/\/sprachschatz.at\/?page_id=320","title":{"rendered":"Leitbild"},"content":{"rendered":"<p class=\"p1\">Der Verein SprachSchatz versteht sich als Begegnungs-Raum f\u00fcr Menschen mit unterschiedlichen Sprachbiographien, der auf gegenseitiger Wertsch\u00e4tzung und Respekt sowie Offenheit basiert. Er richtet sich an mehrsprachige Menschen und alle am Thema \u201eMehrsprachigkeit\u201c Interessierten. Der Verein fungiert als Schnittstelle zwischen Theorie, Forschung und Praxis in einer mehrsprachigen, zukunftsorientierten Gesellschaft und m\u00f6chte durch innovative Projekte zur Chancengerechtigkeit beitragen.<\/p>\n<p class=\"p1\">In unserer Gesellschaft wird bestimmten Sprachen h\u00e4ufig ein h\u00f6herer Wert zugeschrieben als anderen, wodurch auch der Wert der Sprecher*innen der jeweiligen Sprachen indirekt beurteilt wird. Wir betrachten alle Sprachen als wahre Sch\u00e4tze, die uns in allen Lebenslagen begleiten. Die Menschen mit ihren unterschiedlichen (Sprach)-Biographien stehen bei uns im Mittelpunkt. Jeder Mensch birgt St\u00e4rken in sich, die nicht auf den ersten Blick sichtbar sind. Diese gilt es bewusst zu machen und zu aktivieren.<\/p>\n<p class=\"p1\"><strong>Unsere Vision<\/strong><\/p>\n<p class=\"p1\">Durch unsere Arbeit m\u00f6chten wir gesellschaftliche Bewertungsmechanismen aufbrechen, und den Umgang mit Mehrsprachigkeit in Bildungseinrichtungen und in der Sprachdidaktik zukunftsweisend mitgestalten.<\/p>\n<p class=\"p1\"><strong>Was wir tun\u2026<\/strong><\/p>\n<p class=\"p1\">Der Verein setzt Projekte um, die Menschen in ihrer mehrsprachigen Identit\u00e4t best\u00e4rken und \u00fcber Methoden aus dem sozialp\u00e4dagogischen und zweitsprachdidaktischen Kontext beim Erlernen des Deutschen zu unterst\u00fctzen.<\/p>\n<p class=\"p1\">Die Angebote und Projekte des Vereins richten sich an Kinder, Familien und Einzelpersonen. Neben Sprachwerkst\u00e4tten in den Schulferien, gibt es einzelne Veranstaltungen und Workshops sowie einen offenen Begegnungsraum, in dem man sich treffen, austauschen und vernetzen kann. F\u00fcr Projektideen und Anregungen stehen wir gerne zur Verf\u00fcgung.<\/p>\n<p class=\"p1\"><strong>Unsere Ziele<\/strong><\/p>\n<p class=\"p1\">Innovative Zug\u00e4nge zum Sprachenlernen in einer mehrsprachigen Gesellschaft<\/p>\n<p class=\"p1\">Empowerment<\/p>\n<p class=\"p1\">Vernetzung zwischen Gleichgesinnten f\u00f6rdern<\/p>\n<p class=\"p1\">Ganzheitliche Auseinandersetzung mit Sprache, Identit\u00e4t, Pers\u00f6nlichkeit<\/p>\n<p class=\"p1\">Selbstfindung und Best\u00e4rkung in Bezug auf die Potenziale mehrsprachiger Menschen<\/p>\n<p class=\"p1\">Theorie und Praxis verbinden, transdisziplin\u00e4r<\/p>\n<p class=\"p1\">Chancengerechtigkeit vorantreiben<\/p>\n<p class=\"p1\">Vernetzung und Kooperationen mit Personen, Organisationen, Vereinen etc.<\/p>\n<p class=\"p1\">Prinzipien unserer Vereinsarbeit<\/p>\n<p class=\"p1\">Ressourcenorientiertes Arbeiten, die Defizitbrille ablegen!<\/p>\n<p class=\"p1\">Sprachaufmerksamkeit und Formfokussierung<\/p>\n<p class=\"p1\">Die Biografien und Lebenswelten der Menschen einbeziehen<\/p>\n<p class=\"p1\">Wissenschaftlich fundiertes Arbeiten<\/p>\n<p class=\"p1\">Transfer aus der Forschung in die Praxis und Befruchtung der Forschung durch die Praxis<\/p>\n<p class=\"p1\">Reflexion und Qualit\u00e4tssicherung<\/p>\n","protected":false},"excerpt":{"rendered":"<p>Der Verein SprachSchatz versteht sich als Begegnungs-Raum f\u00fcr Menschen mit unterschiedlichen Sprachbiographien, der auf gegenseitiger Wertsch\u00e4tzung und Respekt sowie Offenheit basiert. Er richtet sich an mehrsprachige Menschen und alle am Thema \u201eMehrsprachigkeit\u201c Interessierten. Der Verein fungiert als Schnittstelle zwischen Theorie, Forschung und Praxis in einer mehrsprachigen, zukunftsorientierten Gesellschaft und m\u00f6chte durch innovative Projekte zur Chancengerechtigkeit &hellip; <\/p>\n<p class=\"link-more\"><a href=\"https:\/\/sprachschatz.at\/?page_id=320\" class=\"more-link\"><span class=\"screen-reader-text\">\u201eLeitbild\u201c<\/span> weiterlesen<\/a><\/p>\n","protected":false},"author":6,"featured_media":0,"parent":314,"menu_order":0,"comment_status":"closed","ping_status":"closed","template":"","meta":{"footnotes":""},"class_list":["post-320","page","type-page","status-publish","hentry"],"_links":{"self":[{"href":"https:\/\/sprachschatz.at\/index.php?rest_route=\/wp\/v2\/pages\/320","targetHints":{"allow":["GET"]}}],"collection":[{"href":"https:\/\/sprachschatz.at\/index.php?rest_route=\/wp\/v2\/pages"}],"about":[{"href":"https:\/\/sprachschatz.at\/index.php?rest_route=\/wp\/v2\/types\/page"}],"author":[{"embeddable":true,"href":"https:\/\/sprachschatz.at\/index.php?rest_route=\/wp\/v2\/users\/6"}],"replies":[{"embeddable":true,"href":"https:\/\/sprachschatz.at\/index.php?rest_route=%2Fwp%2Fv2%2Fcomments&post=320"}],"version-history":[{"count":5,"href":"https:\/\/sprachschatz.at\/index.php?rest_route=\/wp\/v2\/pages\/320\/revisions"}],"predecessor-version":[{"id":1095,"href":"https:\/\/sprachschatz.at\/index.php?rest_route=\/wp\/v2\/pages\/320\/revisions\/1095"}],"up":[{"embeddable":true,"href":"https:\/\/sprachschatz.at\/index.php?rest_route=\/wp\/v2\/pages\/314"}],"wp:attachment":[{"href":"https:\/\/sprachschatz.at\/index.php?rest_route=%2Fwp%2Fv2%2Fmedia&parent=320"}],"curies":[{"name":"wp","href":"https:\/\/api.w.org\/{rel}","templated":true}]}}