{"id":2140,"date":"2026-01-22T11:47:41","date_gmt":"2026-01-22T11:47:41","guid":{"rendered":"https:\/\/sprachschatz.at\/?page_id=2140"},"modified":"2026-01-22T11:47:41","modified_gmt":"2026-01-22T11:47:41","slug":"hr-bs-lingusti-kreativna-radionica-jezika","status":"publish","type":"page","link":"https:\/\/sprachschatz.at\/?page_id=2140","title":{"rendered":"(HR, BS) Lingusti &#8211; kreativna radionica jezika"},"content":{"rendered":"\n<p class=\"has-text-align-center\">za djecu od 4. do 8. godine<\/p>\n\n\n\n<p class=\"has-text-align-center\">igra \u2022 ples \u2022 kretanje \u2022 u\u010denje njema\u010dkog jezika<\/p>\n\n\n\n<p class=\"has-text-align-center\"><strong>svake subote<\/strong><br><strong>prva grupa<\/strong>: 10:00 \u2013 10:45 sati<br>pauza za u\u017einu i promjena grupa: 10:45 \u2013 11:15 sati<br><strong>druga grupa<\/strong>: 11:15 \u2013 12:00 sati<\/p>\n\n\n\n<p class=\"has-text-align-center\"><strong>7.03. imate mogu\u010dnost upoznati tim! Radujemo se va\u0161em dolasku!<\/strong><\/p>\n\n\n\n<p class=\"has-text-align-center\"><strong>po\u010detak te\u010daja: 14.03.2026<\/strong><br><strong>Gdje?<\/strong> Seddwell Center, Dreihackengasse 32, 8020 Graz<\/p>\n\n\n\n<p>ponuda udruge <strong>SprachSchatz<\/strong> (ZVR: 1788317910) u suradnji <a href=\"https:\/\/www.seddwellcenter.at\/\" target=\"_blank\" rel=\"noreferrer noopener\">Seddwell Center<\/a> i udrugom za <a href=\"https:\/\/gpv-ev.de\/\" target=\"_blank\" rel=\"noreferrer noopener\">gestalt-pedagogiju GPV<\/a>.<br><\/p>\n\n\n\n<p><strong>Kontakt<\/strong>: Dr. Daniela Rotter<br>+43 660 3573962<\/p>\n\n\n\n<figure class=\"wp-block-image size-full\"><img loading=\"lazy\" decoding=\"async\" width=\"802\" height=\"154\" src=\"https:\/\/sprachschatz.at\/wp-content\/uploads\/2026\/01\/Bildschirmfoto-2026-01-22-um-12.46.48.png\" alt=\"\" class=\"wp-image-2141\" srcset=\"https:\/\/sprachschatz.at\/wp-content\/uploads\/2026\/01\/Bildschirmfoto-2026-01-22-um-12.46.48.png 802w, https:\/\/sprachschatz.at\/wp-content\/uploads\/2026\/01\/Bildschirmfoto-2026-01-22-um-12.46.48-300x58.png 300w, https:\/\/sprachschatz.at\/wp-content\/uploads\/2026\/01\/Bildschirmfoto-2026-01-22-um-12.46.48-768x147.png 768w\" sizes=\"auto, (max-width: 767px) 89vw, (max-width: 1000px) 54vw, (max-width: 1071px) 543px, 580px\" \/><\/figure>\n\n\n\n<p class=\"has-text-align-center\"><br><\/p>\n","protected":false},"excerpt":{"rendered":"<p>za djecu od 4. do 8. godine igra \u2022 ples \u2022 kretanje \u2022 u\u010denje njema\u010dkog jezika svake suboteprva grupa: 10:00 \u2013 10:45 satipauza za u\u017einu i promjena grupa: 10:45 \u2013 11:15 satidruga grupa: 11:15 \u2013 12:00 sati 7.03. imate mogu\u010dnost upoznati tim! Radujemo se va\u0161em dolasku! po\u010detak te\u010daja: 14.03.2026Gdje? Seddwell Center, Dreihackengasse 32, 8020 Graz &hellip; <\/p>\n<p class=\"link-more\"><a href=\"https:\/\/sprachschatz.at\/?page_id=2140\" class=\"more-link\"><span class=\"screen-reader-text\">\u201e(HR, BS) Lingusti &#8211; kreativna radionica jezika\u201c<\/span> weiterlesen<\/a><\/p>\n","protected":false},"author":7,"featured_media":0,"parent":0,"menu_order":0,"comment_status":"closed","ping_status":"closed","template":"","meta":{"footnotes":""},"class_list":["post-2140","page","type-page","status-publish","hentry"],"_links":{"self":[{"href":"https:\/\/sprachschatz.at\/index.php?rest_route=\/wp\/v2\/pages\/2140","targetHints":{"allow":["GET"]}}],"collection":[{"href":"https:\/\/sprachschatz.at\/index.php?rest_route=\/wp\/v2\/pages"}],"about":[{"href":"https:\/\/sprachschatz.at\/index.php?rest_route=\/wp\/v2\/types\/page"}],"author":[{"embeddable":true,"href":"https:\/\/sprachschatz.at\/index.php?rest_route=\/wp\/v2\/users\/7"}],"replies":[{"embeddable":true,"href":"https:\/\/sprachschatz.at\/index.php?rest_route=%2Fwp%2Fv2%2Fcomments&post=2140"}],"version-history":[{"count":1,"href":"https:\/\/sprachschatz.at\/index.php?rest_route=\/wp\/v2\/pages\/2140\/revisions"}],"predecessor-version":[{"id":2142,"href":"https:\/\/sprachschatz.at\/index.php?rest_route=\/wp\/v2\/pages\/2140\/revisions\/2142"}],"wp:attachment":[{"href":"https:\/\/sprachschatz.at\/index.php?rest_route=%2Fwp%2Fv2%2Fmedia&parent=2140"}],"curies":[{"name":"wp","href":"https:\/\/api.w.org\/{rel}","templated":true}]}}

<p class="has-text-align-center">za djecu od 4. do 8. godine</p>



<p class="has-text-align-center">igra • ples • kretanje • učenje njemačkog jezika</p>



<p class="has-text-align-center"><strong>svake subote</strong><br><strong>prva grupa</strong>: 10:00 – 10:45 sati<br>pauza za užinu i promjena grupa: 10:45 – 11:15 sati<br><strong>druga grupa</strong>: 11:15 – 12:00 sati</p>



<p class="has-text-align-center"><strong>7.03. imate mogučnost upoznati tim! Radujemo se vašem dolasku!</strong></p>



<p class="has-text-align-center"><strong>početak tečaja: 14.03.2026</strong><br><strong>Gdje?</strong> Seddwell Center, Dreihackengasse 32, 8020 Graz</p>



<p>ponuda udruge <strong>SprachSchatz</strong> (ZVR: 1788317910) u suradnji <a href="https://www.seddwellcenter.at/" target="_blank" rel="noreferrer noopener">Seddwell Center</a> i udrugom za <a href="https://gpv-ev.de/" target="_blank" rel="noreferrer noopener">gestalt-pedagogiju GPV</a>.<br></p>



<p><strong>Kontakt</strong>: Dr. Daniela Rotter<br>+43 660 3573962</p>



<figure class="wp-block-image size-full"><img loading="lazy" decoding="async" width="802" height="154" src="https://sprachschatz.at/wp-content/uploads/2026/01/Bildschirmfoto-2026-01-22-um-12.46.48.png" alt="" class="wp-image-2141" srcset="https://sprachschatz.at/wp-content/uploads/2026/01/Bildschirmfoto-2026-01-22-um-12.46.48.png 802w, https://sprachschatz.at/wp-content/uploads/2026/01/Bildschirmfoto-2026-01-22-um-12.46.48-300x58.png 300w, https://sprachschatz.at/wp-content/uploads/2026/01/Bildschirmfoto-2026-01-22-um-12.46.48-768x147.png 768w" sizes="auto, (max-width: 767px) 89vw, (max-width: 1000px) 54vw, (max-width: 1071px) 543px, 580px" /></figure>



<p class="has-text-align-center"><br></p>

<p>za djecu od 4. do 8. godine igra • ples • kretanje • učenje njemačkog jezika svake suboteprva grupa: 10:00 – 10:45 satipauza za užinu i promjena grupa: 10:45 – 11:15 satidruga grupa: 11:15 – 12:00 sati 7.03. imate mogučnost upoznati tim! Radujemo se vašem dolasku! početak tečaja: 14.03.2026Gdje? Seddwell Center, Dreihackengasse 32, 8020 Graz &hellip; </p>
<p class="link-more"><a href="https://sprachschatz.at/?page_id=2140" class="more-link"><span class="screen-reader-text">„(HR, BS) Lingusti &#8211; kreativna radionica jezika“</span> weiterlesen</a></p>
