{"id":2131,"date":"2026-01-22T10:34:44","date_gmt":"2026-01-22T10:34:44","guid":{"rendered":"https:\/\/sprachschatz.at\/?page_id=2131"},"modified":"2026-01-22T11:36:55","modified_gmt":"2026-01-22T11:36:55","slug":"bih-hr-lingusti-cocuklar-icin-yaratici-dil-atoelyesi","status":"publish","type":"page","link":"https:\/\/sprachschatz.at\/?page_id=2131","title":{"rendered":"(TR) Lingusti &#8211;  \u00c7ocuklar i\u00e7in Yarat\u0131c\u0131 Dil At\u00f6lyesi"},"content":{"rendered":"\n<p class=\"has-text-align-center\">4\u20138 ya\u015f aras\u0131 \u00e7ocuklar i\u00e7in<br>Oyun \u2022 Dans \u2022 Hareket \u2022 Almanca \u00f6\u011frenmek<\/p>\n\n\n\n<p class=\"has-text-align-center\"><strong>Her Cumartesi<\/strong><br><strong>1.Grup<\/strong>: <strong>10:00 \u2013 10:45 saatleri aras\u0131nda<\/strong><br>At\u0131\u015ft\u0131rmal\u0131k molas\u0131 ve grup de\u011fi\u015fimi: 10:45 \u2013 11:15 saatleri aras\u0131nda<br><strong>2.Grup<\/strong>: <strong>11:15 \u2013 12:00 saatleri aras\u0131nda<\/strong><\/p>\n\n\n\n<p class=\"has-text-align-center\"><strong>7 mart\u2019de ekibimizi tan\u0131yabilirsiniz! Geliniz, sizi g\u00f6rmekten mutluluk duyar\u0131z!<\/strong><\/p>\n\n\n\n<p class=\"has-text-align-center\"><strong>Kurs ba\u015flang\u0131c\u0131: 14 Mart 2026<\/strong><br><strong>Nerede?<\/strong> <a href=\"https:\/\/www.seddwellcenter.at\/\" target=\"_blank\" rel=\"noreferrer noopener\">Seddwell Center<\/a>, Dreihackengasse 32, 8020 Graz<\/p>\n\n\n\n<p>Bu etkinlik SprachSchatz Derne\u011fi (ZVR: 1788317910) taraf\u0131ndan, Seddwell Center ve <a href=\"https:\/\/gpv-ev.de\/\" target=\"_blank\" rel=\"noreferrer noopener\">Gestalt Pedagoji Derne\u011fi (GPV)<\/a> i\u015f birli\u011fiyle d\u00fczenlenmektedir.<\/p>\n\n\n\n<p><strong>\u0130leti\u015fim<\/strong>: Dr. <a href=\"https:\/\/sprachschatz.at\/?page_id=322\" data-type=\"page\" data-id=\"322\" target=\"_blank\" rel=\"noreferrer noopener\">Daniela Rotter<\/a><br>+ 43 660 3573962<\/p>\n\n\n\n<figure class=\"wp-block-image size-large\"><img loading=\"lazy\" decoding=\"async\" width=\"1024\" height=\"200\" src=\"https:\/\/sprachschatz.at\/wp-content\/uploads\/2026\/01\/Bildschirmfoto-2026-01-22-um-11.34.03-1024x200.png\" alt=\"\" class=\"wp-image-2134\" srcset=\"https:\/\/sprachschatz.at\/wp-content\/uploads\/2026\/01\/Bildschirmfoto-2026-01-22-um-11.34.03-1024x200.png 1024w, https:\/\/sprachschatz.at\/wp-content\/uploads\/2026\/01\/Bildschirmfoto-2026-01-22-um-11.34.03-300x58.png 300w, https:\/\/sprachschatz.at\/wp-content\/uploads\/2026\/01\/Bildschirmfoto-2026-01-22-um-11.34.03-768x150.png 768w, https:\/\/sprachschatz.at\/wp-content\/uploads\/2026\/01\/Bildschirmfoto-2026-01-22-um-11.34.03-1536x299.png 1536w, https:\/\/sprachschatz.at\/wp-content\/uploads\/2026\/01\/Bildschirmfoto-2026-01-22-um-11.34.03-2048x399.png 2048w\" sizes=\"auto, (max-width: 767px) 89vw, (max-width: 1000px) 54vw, (max-width: 1071px) 543px, 580px\" \/><\/figure>\n\n\n\n<p><\/p>\n\n\n\n<p><\/p>\n\n\n\n<p><\/p>\n","protected":false},"excerpt":{"rendered":"<p>4\u20138 ya\u015f aras\u0131 \u00e7ocuklar i\u00e7inOyun \u2022 Dans \u2022 Hareket \u2022 Almanca \u00f6\u011frenmek Her Cumartesi1.Grup: 10:00 \u2013 10:45 saatleri aras\u0131ndaAt\u0131\u015ft\u0131rmal\u0131k molas\u0131 ve grup de\u011fi\u015fimi: 10:45 \u2013 11:15 saatleri aras\u0131nda2.Grup: 11:15 \u2013 12:00 saatleri aras\u0131nda 7 mart\u2019de ekibimizi tan\u0131yabilirsiniz! Geliniz, sizi g\u00f6rmekten mutluluk duyar\u0131z! Kurs ba\u015flang\u0131c\u0131: 14 Mart 2026Nerede? Seddwell Center, Dreihackengasse 32, 8020 Graz Bu etkinlik &hellip; <\/p>\n<p class=\"link-more\"><a href=\"https:\/\/sprachschatz.at\/?page_id=2131\" class=\"more-link\"><span class=\"screen-reader-text\">\u201e(TR) Lingusti &#8211;  \u00c7ocuklar i\u00e7in Yarat\u0131c\u0131 Dil At\u00f6lyesi\u201c<\/span> weiterlesen<\/a><\/p>\n","protected":false},"author":7,"featured_media":0,"parent":0,"menu_order":0,"comment_status":"closed","ping_status":"closed","template":"","meta":{"footnotes":""},"class_list":["post-2131","page","type-page","status-publish","hentry"],"_links":{"self":[{"href":"https:\/\/sprachschatz.at\/index.php?rest_route=\/wp\/v2\/pages\/2131","targetHints":{"allow":["GET"]}}],"collection":[{"href":"https:\/\/sprachschatz.at\/index.php?rest_route=\/wp\/v2\/pages"}],"about":[{"href":"https:\/\/sprachschatz.at\/index.php?rest_route=\/wp\/v2\/types\/page"}],"author":[{"embeddable":true,"href":"https:\/\/sprachschatz.at\/index.php?rest_route=\/wp\/v2\/users\/7"}],"replies":[{"embeddable":true,"href":"https:\/\/sprachschatz.at\/index.php?rest_route=%2Fwp%2Fv2%2Fcomments&post=2131"}],"version-history":[{"count":4,"href":"https:\/\/sprachschatz.at\/index.php?rest_route=\/wp\/v2\/pages\/2131\/revisions"}],"predecessor-version":[{"id":2139,"href":"https:\/\/sprachschatz.at\/index.php?rest_route=\/wp\/v2\/pages\/2131\/revisions\/2139"}],"wp:attachment":[{"href":"https:\/\/sprachschatz.at\/index.php?rest_route=%2Fwp%2Fv2%2Fmedia&parent=2131"}],"curies":[{"name":"wp","href":"https:\/\/api.w.org\/{rel}","templated":true}]}}

(TR) Lingusti &#8211;  Çocuklar için Yaratıcı Dil Atölyesi

<p class="has-text-align-center">4–8 yaş arası çocuklar için<br>Oyun • Dans • Hareket • Almanca öğrenmek</p>



<p class="has-text-align-center"><strong>Her Cumartesi</strong><br><strong>1.Grup</strong>: <strong>10:00 – 10:45 saatleri arasında</strong><br>Atıştırmalık molası ve grup değişimi: 10:45 – 11:15 saatleri arasında<br><strong>2.Grup</strong>: <strong>11:15 – 12:00 saatleri arasında</strong></p>



<p class="has-text-align-center"><strong>7 mart’de ekibimizi tanıyabilirsiniz! Geliniz, sizi görmekten mutluluk duyarız!</strong></p>



<p class="has-text-align-center"><strong>Kurs başlangıcı: 14 Mart 2026</strong><br><strong>Nerede?</strong> <a href="https://www.seddwellcenter.at/" target="_blank" rel="noreferrer noopener">Seddwell Center</a>, Dreihackengasse 32, 8020 Graz</p>



<p>Bu etkinlik SprachSchatz Derneği (ZVR: 1788317910) tarafından, Seddwell Center ve <a href="https://gpv-ev.de/" target="_blank" rel="noreferrer noopener">Gestalt Pedagoji Derneği (GPV)</a> iş birliğiyle düzenlenmektedir.</p>



<p><strong>İletişim</strong>: Dr. <a href="https://sprachschatz.at/?page_id=322" data-type="page" data-id="322" target="_blank" rel="noreferrer noopener">Daniela Rotter</a><br>+ 43 660 3573962</p>



<figure class="wp-block-image size-large"><img loading="lazy" decoding="async" width="1024" height="200" src="https://sprachschatz.at/wp-content/uploads/2026/01/Bildschirmfoto-2026-01-22-um-11.34.03-1024x200.png" alt="" class="wp-image-2134" srcset="https://sprachschatz.at/wp-content/uploads/2026/01/Bildschirmfoto-2026-01-22-um-11.34.03-1024x200.png 1024w, https://sprachschatz.at/wp-content/uploads/2026/01/Bildschirmfoto-2026-01-22-um-11.34.03-300x58.png 300w, https://sprachschatz.at/wp-content/uploads/2026/01/Bildschirmfoto-2026-01-22-um-11.34.03-768x150.png 768w, https://sprachschatz.at/wp-content/uploads/2026/01/Bildschirmfoto-2026-01-22-um-11.34.03-1536x299.png 1536w, https://sprachschatz.at/wp-content/uploads/2026/01/Bildschirmfoto-2026-01-22-um-11.34.03-2048x399.png 2048w" sizes="auto, (max-width: 767px) 89vw, (max-width: 1000px) 54vw, (max-width: 1071px) 543px, 580px" /></figure>



<p></p>



<p></p>



<p></p>

<p>4–8 yaş arası çocuklar içinOyun • Dans • Hareket • Almanca öğrenmek Her Cumartesi1.Grup: 10:00 – 10:45 saatleri arasındaAtıştırmalık molası ve grup değişimi: 10:45 – 11:15 saatleri arasında2.Grup: 11:15 – 12:00 saatleri arasında 7 mart’de ekibimizi tanıyabilirsiniz! Geliniz, sizi görmekten mutluluk duyarız! Kurs başlangıcı: 14 Mart 2026Nerede? Seddwell Center, Dreihackengasse 32, 8020 Graz Bu etkinlik &hellip; </p>
<p class="link-more"><a href="https://sprachschatz.at/?page_id=2131" class="more-link"><span class="screen-reader-text">„(TR) Lingusti &#8211;  Çocuklar için Yaratıcı Dil Atölyesi“</span> weiterlesen</a></p>
